{"id":2,"date":"2016-05-18T08:48:00","date_gmt":"2016-05-18T07:48:00","guid":{"rendered":"https:\/\/intranet.cfparts.ch\/?page_id=2"},"modified":"2026-03-25T13:24:42","modified_gmt":"2026-03-25T12:24:42","slug":"page-d-exemple","status":"publish","type":"page","link":"https:\/\/intranet.cfparts.ch\/","title":{"rendered":"Bienvenue sur l\u2019intranet"},"content":{"rendered":"<h2>Enseignant<\/h2>\n<p><strong>OUTILS P\u00c9DAGOGIQUES<\/strong><\/p>\n<ul>\n<li><a href=\"https:\/\/ge.ch\/memo\/\" target=\"_blank\" rel=\"noopener noreferrer\">Gestion des absences (MEMO)<\/a><\/li>\n<li><a href=\"https:\/\/ge.ch\/edugeco-es2\/\" target=\"_blank\" rel=\"noopener noreferrer\">Remise des moyennes (GECO)<\/a><\/li>\n<li><a href=\"https:\/\/classroom.google.com\/h\" target=\"_blank\" rel=\"noopener noreferrer\">Cours en ligne (CLASSROOM)<\/a><\/li>\n<\/ul>\n<h2>\u00c9l\u00e8ve<\/h2>\n<p><strong>DOCUMENTS<\/strong><\/p>\n<ul>\n<li><a href=\"https:\/\/intranet.cfparts.ch\/wp-content\/uploads\/2023\/08\/Petit-Guide-ELEVE.pdf\" target=\"_blank\" rel=\"noopener\">Petit guide \u00e0 l\u2019usage des \u00e9l\u00e8ves<\/a><\/li>\n<li><a href=\"https:\/\/intranet.cfparts.ch\/wp-content\/uploads\/2025\/02\/Guide_Eleve.pdf\" target=\"_blank\" rel=\"noopener\">Guide de l\u2019\u00e9l\u00e8ve<\/a><\/li>\n<li><a href=\"https:\/\/intranet.cfparts.ch\/wp-content\/uploads\/2025\/10\/GUIDE-E1-CEDOC.pdf\" target=\"_blank\" rel=\"noopener\">Guide CEDOC<\/a><\/li>\n<li>Guide IMPRIMERIE <em>(\u00e0 venir)<\/em><\/li>\n<\/ul>\n<h2>CEDOC (Biblio)<\/h2>\n<p><strong>LIENS UTILES<\/strong><\/p>\n<ul>\n<li><a href=\"https:\/\/edu.ge.ch\/sem\/usages\/outils\/tout-savoir-sur-le-reseau-des-bibliotheques-scolaires-du-dip-2481\" target=\"_blank\" rel=\"noreferrer noopener\">R\u00e9seau (BiblioDIP)<\/a><\/li>\n<li><a href=\"https:\/\/ge.ch\/edufloraopac\/jsp\/portal\/index.jsp\" target=\"_blank\" rel=\"noreferrer noopener\">Catalogue (BiblioDIP)<\/a><\/li>\n<\/ul>\n<p><strong>FONDS<\/strong><\/p>\n<ul>\n<li><a href=\"https:\/\/intranet.cfparts.ch\/wp-content\/uploads\/2025\/11\/CEDOC_Revues-Abonnements.pdf\" target=\"_blank\" rel=\"noopener\">Revues sp\u00e9cialis\u00e9es (abonnements)<\/a><\/li>\n<li><a href=\"https:\/\/intranet.cfparts.ch\/wp-content\/uploads\/2025\/09\/Marche-A-Suivre-Periodiques_Numeriques.pdf\" target=\"_blank\" rel=\"noopener\">Marche \u00e0 suivre: Consulter des p\u00e9riodiques en ligne<\/a><\/li>\n<li><a href=\"https:\/\/cfparts.ch\/wp-content\/uploads\/CEDOC_Propositions-Achat.pdf\" target=\"_blank\" rel=\"noopener\">Formulaire: Proposition d\u2019achat d\u2019ouvrages<\/a><\/li>\n<li><a href=\"https:\/\/intranet.cfparts.ch\/wp-content\/uploads\/2025\/10\/CEDOC_LNA.pdf\" target=\"_blank\" rel=\"noopener\">Nouvelles acquisitions<\/a><\/li>\n<\/ul>\n<p><strong>RESSOURCES NUM\u00c9RIQUES<\/strong><\/p>\n<ul>\n<li><a href=\"https:\/\/educ.arte.tv\/saml\/canton-geneve\/login\" target=\"_blank\" rel=\"noopener\"><em>EDUC\u2019Arte<\/em> (login EEL) <\/a><\/li>\n<li><a href=\"https:\/\/eduge.ch\/ledepot\/universalis-education\" target=\"_blank\" rel=\"noopener\"><em>Encyclop\u00e6dia Universalis Edu<\/em> (login EEL)<\/a><\/li>\n<li><a href=\"https:\/\/ledepot.eduge.ch\/europresse\" target=\"_blank\" rel=\"noopener\"><em>Europresse<\/em> (login EEL)<\/a><\/li>\n<li><a href=\"https:\/\/edu.ge.ch\/secondaire2\/cecha\/centre-de-documentation-cybertheque\" target=\"_blank\" rel=\"noreferrer noopener\"><em>Cyberth\u00e8que CEC Andr\u00e9-Chavanne<\/em><\/a><a href=\"https:\/\/edu.ge.ch\/secondaire2\/cecha\/centre-de-documentation-cybertheque\" target=\"_blank\" rel=\"noreferrer noopener\"><br \/>\n<\/a><\/li>\n<li><a href=\"https:\/\/laplattform.ch\/?language=fr&amp;pid=f65vvmv43i6elh7e7r9bspbik1#cd964c6cf578eb2fcdaef556cb0f6469\" target=\"_blank\" rel=\"noopener\"><em>LaPlattform<\/em> (login EEL \/ r\u00e9serv\u00e9 au PE)<\/a><\/li>\n<\/ul>\n<h2>Imprimerie<\/h2>\n<p><strong>SERVICES<\/strong><\/p>\n<ul>\n<li><a href=\"https:\/\/intranet.cfparts.ch\/wp-content\/uploads\/2024\/09\/IMPRIMERIE_Bon-de-commande.rtf\" target=\"_blank\" rel=\"noopener\">Bon de commande<\/a><\/li>\n<li><a href=\"https:\/\/intranet.cfparts.ch\/wp-content\/uploads\/2024\/09\/IMPRIMERIE_Tarifs.pdf\" target=\"_blank\" rel=\"noopener\">Liste des prix<\/a><\/li>\n<\/ul>\n<p><strong>TUTORIELS DE FA\u00c7ONNAGE<\/strong><\/p>\n<ul>\n<li><a href=\"https:\/\/intranet.cfparts.ch\/wp-content\/uploads\/2024\/09\/TUTO-BANNIERE_Leporello.pdf\" target=\"_blank\" rel=\"noopener\">Le leporello<\/a><\/li>\n<li><a href=\"https:\/\/intranet.cfparts.ch\/wp-content\/uploads\/2024\/09\/TUTO-RELIURE_Pique-pli.pdf\" target=\"_blank\" rel=\"noopener\">La reliure piqu\u00e9-pli (agrafes)<\/a><\/li>\n<li><a href=\"https:\/\/intranet.cfparts.ch\/wp-content\/uploads\/2024\/09\/TUTO-RELIURE_Reliure-Anneaux.pdf\" target=\"_blank\" rel=\"noopener\">La reliure spirale (anneaux)<\/a><\/li>\n<li><a href=\"https:\/\/intranet.cfparts.ch\/wp-content\/uploads\/2024\/09\/TUTO-RELIURE_Reliure-Dos-colle-carre.pdf\" target=\"_blank\" rel=\"noopener\">La reliure dos coll\u00e9 carr\u00e9<\/a><\/li>\n<\/ul>\n<h2>Liens utiles<\/h2>\n<p><strong><b>ACTIVATION COMPTE EEL<br \/>\n<\/b><\/strong><\/p>\n<ul>\n<li><a href=\"https:\/\/edu.ge.ch\/site\/utilisation-logiciel\/2024\/06\/10\/activer-un-compte-eel-avec-le-mode-kiosque\/\" target=\"_blank\" rel=\"noopener\">Proc\u00e9dure d&rsquo;activation de son compte EEL Mac &amp; Linux<\/a><\/li>\n<li><a href=\"https:\/\/intranet.cfparts.ch\/wp-content\/uploads\/2025\/08\/Login_Windows.jpg\" target=\"_blank\" rel=\"noopener\">Proc\u00e9dure d&rsquo;activation de son compte EEL Windows. Fen\u00eatre de login \/G\u00e9rer mon compte EEL<\/a><\/li>\n<\/ul>\n<p><strong><b>PROC\u00c9DURES LOGICIELS<\/b><\/strong><\/p>\n<ul>\n<li><a href=\"https:\/\/edu.ge.ch\/site\/utilisation-logiciel\/2025\/09\/09\/messagerie-de-letat-de-geneve-sur-son-smartphone\/\" target=\"_blank\" rel=\"noopener\">Messagerie de l\u2019Etat de Gen\u00e8ve sur son smartphone<\/a><\/li>\n<li><a href=\"https:\/\/jsilab.ch\/cfpa\/foad\/gmail2webmail.mp4\" target=\"_blank\" rel=\"noreferrer noopener\">Proc\u00e9dure d\u2019activation du transfert automatique des courriels de la messagerie eduge.ch vers edu.ge.ch (tutoriel vid\u00e9o)<\/a><\/li>\n<li><a href=\"https:\/\/intranet.cfparts.ch\/wp-content\/uploads\/2026\/03\/Authentification_Adobe_EEL.pdf\" target=\"_blank\" rel=\"noopener\">Suite Adobe CC: activation via l\u2019authentification avec identifiant EEL<\/a><\/li>\n<li><a href=\"https:\/\/edu.ge.ch\/sem\/actualites\/telechargement-gratuit-de-microsoft-office-3428\" target=\"_blank\" rel=\"noopener\">Suite Microsoft Office Education: demande de licences<\/a><\/li>\n<li><a href=\"https:\/\/edu.ge.ch\/site\/utilisation-logiciel\/2024\/06\/10\/gerer-appareils-office365\/\" target=\"_blank\" rel=\"noopener\">Supprimer ordinateur compte Microsoft Office 365<\/a><\/li>\n<li><a href=\"https:\/\/myarchicad.graphisoft.com\/\" target=\"_blank\" rel=\"noopener\">Graphisoft Education (Archicad ) demande de licences<\/a><\/li>\n<li><a href=\"https:\/\/edu.ge.ch\/site\/utilisation-logiciel\/\" target=\"_blank\" rel=\"noopener noreferrer\">Utilisation des logiciels du SEM<\/a><\/li>\n<li><a href=\"https:\/\/intranet.cfparts.ch\/wp-content\/uploads\/2023\/08\/Petit-Guide-PE-APP.pdf\" target=\"_blank\" rel=\"noopener\">Petit guide \u00e0 l\u2019usage du corps enseignant: <em>CFP Arts app<\/em><\/a><\/li>\n<li><a href=\"https:\/\/www.figma.com\/login?locale=en&amp;app_auth_id=645230e4-deb7-4dda-84b3-644e4812d5d1\" target=\"_blank\" rel=\"noopener\">Acc\u00e8s WEB pour Figma<\/a><\/li>\n<li><a href=\"https:\/\/jsilab.ch\/cfpa\/menu.html\" target=\"_blank\" rel=\"noopener noreferrer\">Les tutos \u2013 CFP Arts en ligne<\/a><\/li>\n<\/ul>\n<p><strong><b>PROC\u00c9DURES MAT\u00c9RIELS<\/b><\/strong><\/p>\n<ul>\n<li><a href=\"https:\/\/intranet.cfparts.ch\/wp-content\/uploads\/2023\/09\/Installation-tablette-Graphique.pdf\" target=\"_blank\" rel=\"noopener\">Installation du pilote pour une tablette graphique Wacom (MacOS)<\/a><\/li>\n<li><a href=\"https:\/\/intranet.cfparts.ch\/wp-content\/uploads\/2023\/09\/Installation_Scanner_Mac.pdf\" target=\"_blank\" rel=\"noopener\">Installation du pilote des scanners (MacOS)<\/a><\/li>\n<\/ul>\n<p><strong><b>PROC\u00c9DURES DEPANNAGES DIVERS<\/b><\/strong><\/p>\n<ul>\n<li><a href=\"https:\/\/edu.ge.ch\/site\/utilisation-logiciel\/2025\/09\/09\/messagerie-de-letat-de-geneve-sur-son-smartphone\/\" target=\"_blank\" rel=\"noopener\">Messagerie de l\u2019Etat de Gen\u00e8ve sur son smartphone<\/a><\/li>\n<li><a href=\"https:\/\/jsilab.ch\/cfpa\/foad\/gmail2webmail.mp4\" target=\"_blank\" rel=\"noreferrer noopener\">Proc\u00e9dure d\u2019activation du transfert automatique des courriels de la messagerie<\/a><\/li>\n<li><a href=\"https:\/\/edu.ge.ch\/site\/utilisation-logiciel\/2024\/06\/10\/gerer-appareils-office365\/\" target=\"_blank\" rel=\"noopener\">Supprimer ordinateur compte Microsoft Office 365<\/a><\/li>\n<\/ul>\n<h2>Cours de langues<\/h2>\n<p><strong>AUDIO CD<\/strong><span style=\"color: #333333;\"><b style=\"font-size: 20px;\"><br \/>\n<\/b><\/span><\/p>\n<ul>\n<li><a href=\"https:\/\/intranet.cfparts.ch\/?page_id=1019\" target=\"_blank\" rel=\"noopener noreferrer\">Anglais<\/a><\/li>\n<li><a href=\"https:\/\/intranet.cfparts.ch\/?page_id=1026\" target=\"_blank\" rel=\"noopener noreferrer\">Allemand<\/a><\/li>\n<li><a href=\"https:\/\/intranet.cfparts.ch\/?page_id=1030\" target=\"_blank\" rel=\"noopener noreferrer\">Italien<\/a><span style=\"color: #ff0000;\"><br \/>\n<\/span><\/li>\n<\/ul>\n","protected":false},"excerpt":{"rendered":"<p>Enseignant OUTILS P\u00c9DAGOGIQUES Gestion des absences (MEMO) Remise des moyennes (GECO) Cours en ligne (CLASSROOM) \u00c9l\u00e8ve DOCUMENTS Petit guide \u00e0 l\u2019usage des \u00e9l\u00e8ves Guide de l\u2019\u00e9l\u00e8ve Guide CEDOC Guide IMPRIMERIE (\u00e0 venir) CEDOC (Biblio) LIENS UTILES R\u00e9seau (BiblioDIP) Catalogue (BiblioDIP) FONDS Revues sp\u00e9cialis\u00e9es (abonnements) Marche \u00e0 suivre: Consulter des p\u00e9riodiques en ligne Formulaire: Proposition d\u2019achat &hellip; <a href=\"https:\/\/intranet.cfparts.ch\/\" class=\"more-link\">Continuer la lecture de <span class=\"screen-reader-text\">Bienvenue sur l\u2019intranet<\/span><\/a><\/p>\n","protected":false},"author":1,"featured_media":0,"parent":0,"menu_order":0,"comment_status":"closed","ping_status":"open","template":"","meta":[],"_links":{"self":[{"href":"https:\/\/intranet.cfparts.ch\/index.php?rest_route=\/wp\/v2\/pages\/2"}],"collection":[{"href":"https:\/\/intranet.cfparts.ch\/index.php?rest_route=\/wp\/v2\/pages"}],"about":[{"href":"https:\/\/intranet.cfparts.ch\/index.php?rest_route=\/wp\/v2\/types\/page"}],"author":[{"embeddable":true,"href":"https:\/\/intranet.cfparts.ch\/index.php?rest_route=\/wp\/v2\/users\/1"}],"replies":[{"embeddable":true,"href":"https:\/\/intranet.cfparts.ch\/index.php?rest_route=%2Fwp%2Fv2%2Fcomments&post=2"}],"version-history":[{"count":377,"href":"https:\/\/intranet.cfparts.ch\/index.php?rest_route=\/wp\/v2\/pages\/2\/revisions"}],"predecessor-version":[{"id":3816,"href":"https:\/\/intranet.cfparts.ch\/index.php?rest_route=\/wp\/v2\/pages\/2\/revisions\/3816"}],"wp:attachment":[{"href":"https:\/\/intranet.cfparts.ch\/index.php?rest_route=%2Fwp%2Fv2%2Fmedia&parent=2"}],"curies":[{"name":"wp","href":"https:\/\/api.w.org\/{rel}","templated":true}]}}